{"id":6106,"date":"2025-10-20T15:33:07","date_gmt":"2025-10-20T13:33:07","guid":{"rendered":"https:\/\/www.mediterraneagira.com\/ex\/malditas-plumas\/"},"modified":"2025-10-20T15:40:04","modified_gmt":"2025-10-20T13:40:04","slug":"malditas-plumas","status":"publish","type":"ex","link":"\/ca\/ex\/malditas-plumas\/","title":{"rendered":"MALDITAS PLUMAS"},"content":{"rendered":"","protected":false},"excerpt":{"rendered":"","protected":false},"author":1,"featured_media":0,"comment_status":"closed","ping_status":"closed","template":"","categories":[],"class_list":["post-6106","ex","type-ex","status-publish","hentry"],"acf":{"txt_synopsis":"A Malditas plumas fem un recorregut pels diferents episodis de la vida d\u2019un personatge, interpretat per Sol Pic\u00f3, en un viatge que transita entre la tendresa i la decad\u00e8ncia. En aquest relat, el p\u00fablic coneix la hist\u00f2ria d\u2019aquesta vedet del Paral\u00b7lel i comparteix els seus records, les seves experi\u00e8ncies, les seves viv\u00e8ncies... Per\u00f2, i si potser mai va arribar a ser-ho i aix\u00f2 s\u00f3n nom\u00e9s els seus somnis, les seves projeccions vitals, els seus desitjos no acomplerts? Potser \u00e9s tot plegat un gran deliri, que, tot i que ens transporta a un lloc i a una \u00e8poca molt concrets, ens connecta tamb\u00e9 amb el sentiment m\u00e9s hum\u00e0 i, per tant, m\u00e9s universal: la por a la mort, a la degradaci\u00f3, a la p\u00e8rdua... a desapar\u00e8ixer.<br \/><br \/>Tot inspirant-se en el g\u00e8nere de la revista espanyola i en la seva picaresca, aquest espectacle juga amb la transformaci\u00f3, la interacci\u00f3 amb el p\u00fablic i la confusi\u00f3 entre ficci\u00f3 i realitat, sempre amb la ironia i el sentit de l\u2019humor que caracteritzen el llenguatge de Sol Pic\u00f3.<br \/>","main_buy_link":"","main_buy_links":"","show_language":"Espectacle en catal\u00e0 i castell\u00e0 ","show_duration":"60","txt_genre":"DANSA","show_start_date":"00010101000000","show_end_date":"00010101000000","show_sort_date":"00010101000000","txt_custom_show_dates":"l'","txt_additional_info":"","txt_present":"","txt_season":"[\"2025\/26\"]","txt_cycle":"","txt_claim":"Un solo de dansa, on el moviment i la paraula s'entrellacen per crear un relat \u00edntim, commovedor a la par que ir\u00f2nic, que no deixa indiferent ning\u00fa.","txt_cast_excerpt":"","txt_cast":"<p><strong>Autoria, direcci\u00f3 i interpretaci\u00f3:<\/strong> Sol Pic\u00f3<br \/><br \/><strong>Assist\u00e8ncia a la direcci\u00f3:<\/strong> Carme Portaceli<br \/><br \/><strong>Direcci\u00f3 i composici\u00f3 musical:<\/strong> Aurora Bauz\u00e0 i Pere Jou (Telemann Rec.)<br \/><strong><br \/>Interpretaci\u00f3 musical:<\/strong> Pere Jou\/Roger Juli\u00e0<br \/><strong><br \/>Edici\u00f3 de so: <\/strong>Roger Juli\u00e0<br \/><strong><br \/>Coach en moviment: <\/strong>Viviana Escal\u00e9<br \/><strong><br \/>Textos:<\/strong> Cristina Morales, Francisco Casavella i Heinrich B\u00f6ll<br \/><strong><br \/>Adaptaci\u00f3 dramat\u00fargica:<\/strong> Cristina Morales<br \/><strong><br \/>Acompanyament: <\/strong>Iniciativa Sexual Femenina<br \/><strong><br \/>Escenografia: <\/strong>Joan Manrique<br \/><strong><br \/>Escultura d\u2019escena: <\/strong>Nico Nubiola<br \/><br \/><strong>Assessorament titella:<\/strong> Andreu Mart\u00ednez Costa, Alfred Casas<br \/><strong><br \/>Vestuari:<\/strong> Joan Miquel Reig<br \/><strong><br \/>Disseny d\u2019 il\u00b7luminaci\u00f3:<\/strong> Sylvia Kuchinow<br \/><strong><br \/>So:<\/strong> St\u00e9phane Carteaux<br \/><strong><br \/>Construcci\u00f3 artefacte de m\u00e0gia:<\/strong> Jordi Pau, Gast\u00f3n la Torre<br \/><strong><br \/>Producci\u00f3:<\/strong> P\u00eda Mazuela, N\u00faria Aguil\u00f3 Sol<br \/><strong><br \/>Assistent de producci\u00f3:<\/strong> Elena Espejo<br \/><strong><br \/>Fotografia:<\/strong> Erin Bassa, Joan Carles Fotografia, May Zircus<br \/><strong><br \/>Col\u00b7laboraci\u00f3 especial:<\/strong> Mag Lari<br \/><strong><br \/>Distribuci\u00f3:<\/strong> Anita L\u00fcscher <a href=\"mailto:aluscher@mediterraneagira.com\">aluscher@mediterraneagira.com<\/a> <br \/><\/p>","txt_reviews":"","hashtag":"","have_promo":"","slogan":"","id_exhibicio":2349,"id_versio":1837,"id_local":74,"txt_seo_desc":"Malditas plumas, un espectacle de dansa de Sol Pic\u00f3.","data_images":"[{\"localizer\":\"V3CARTELL\",\"url\":\"media\/ver\/cartell\/v3\/3170E\/01_085_00059375\/MEDITERRANEA_CARTELLS_(3).png\",\"thumb_url\":\"media\/ver\/cartell\/v3\/3170E\/01_085_00059375\/MEDITERRANEA_CARTELLS_(3)_thumb.jpg\",\"title\":\"Malditas Plumas - Mediterr\u00e1nea\",\"description\":\"malditas plumas mediterranea\",\"copyright\":\"\",\"order\":1},{\"localizer\":\"V3SLIDE\",\"url\":\"media\/ftgalslide\/v3\/3170E\/01_086_00059376\/20.png\",\"thumb_url\":\"media\/ftgalslide\/v3\/3170E\/01_086_00059376\/20_thumb.jpg\",\"title\":\"Malditas Plumas - Mediterr\u00e1nea\",\"description\":\"malditas plumas mediterranea\",\"copyright\":\"\",\"order\":2},{\"localizer\":\"V3SLIDE\",\"url\":\"media\/ftgalslide\/v3\/3170E\/01_086_00059377\/19.png\",\"thumb_url\":\"media\/ftgalslide\/v3\/3170E\/01_086_00059377\/19_thumb.jpg\",\"title\":\"Malditas Plumas - Mediterr\u00e1nea\",\"description\":\"malditas plumas mediterranea\",\"copyright\":\"https:\/\/youtu.be\/QF_x0xdp11g?si=WkTG1MO1RHCQA83p\",\"order\":3},{\"localizer\":\"V3SLIDE\",\"url\":\"media\/ftgalslide\/v3\/3170E\/01_086_00059378\/MEDITERRANEA_FOTO_HORITZONTAL_(5).png\",\"thumb_url\":\"media\/ftgalslide\/v3\/3170E\/01_086_00059378\/MEDITERRANEA_FOTO_HORITZONTAL_(5)_thumb.jpg\",\"title\":\"Malditas Plumas - Mediterr\u00e1nea\",\"description\":\"malditas plumas mediterranea\",\"copyright\":\"\",\"order\":4}]","material__texto_intro":"","data_material":null,"data_gallery":"","data_discounts":"[]","contract_is_open":true,"in_tour":false,"foreign_production":true,"tour_end_date":"00010101000000","data_documents":""},"yoast_head":"<!-- This site is optimized with the Yoast SEO plugin v27.4 - https:\/\/yoast.com\/product\/yoast-seo-wordpress\/ -->\n<title>MALDITAS PLUMAS - Mediterranea Gira<\/title>\n<meta name=\"robots\" content=\"index, follow, max-snippet:-1, max-image-preview:large, max-video-preview:-1\" \/>\n<link rel=\"canonical\" href=\"https:\/\/www.mediterraneagira.com\/es\/ex\/malditas-plumas\/\" \/>\n<meta property=\"og:locale\" content=\"es_ES\" \/>\n<meta property=\"og:type\" content=\"article\" \/>\n<meta property=\"og:title\" content=\"MALDITAS PLUMAS - Mediterranea Gira\" \/>\n<meta property=\"og:url\" content=\"\/ca\/ex\/malditas-plumas\/\" \/>\n<meta property=\"og:site_name\" content=\"Mediterranea Gira\" \/>\n<meta property=\"article:modified_time\" content=\"2025-10-20T13:40:04+00:00\" \/>\n<meta name=\"twitter:card\" content=\"summary_large_image\" \/>\n<script type=\"application\/ld+json\" class=\"yoast-schema-graph\">{\"@context\":\"https:\\\/\\\/schema.org\",\"@graph\":[{\"@type\":\"WebPage\",\"@id\":\"https:\\\/\\\/www.mediterraneagira.com\\\/ca\\\/ex\\\/malditas-plumas\\\/\",\"url\":\"https:\\\/\\\/www.mediterraneagira.com\\\/ca\\\/ex\\\/malditas-plumas\\\/\",\"name\":\"MALDITAS PLUMAS - Mediterranea Gira\",\"isPartOf\":{\"@id\":\"https:\\\/\\\/www.mediterraneagira.com\\\/es\\\/#website\"},\"datePublished\":\"2025-10-20T13:33:07+00:00\",\"dateModified\":\"2025-10-20T13:40:04+00:00\",\"breadcrumb\":{\"@id\":\"https:\\\/\\\/www.mediterraneagira.com\\\/ca\\\/ex\\\/malditas-plumas\\\/#breadcrumb\"},\"inLanguage\":\"es\",\"potentialAction\":[{\"@type\":\"ReadAction\",\"target\":[\"https:\\\/\\\/www.mediterraneagira.com\\\/ca\\\/ex\\\/malditas-plumas\\\/\"]}]},{\"@type\":\"BreadcrumbList\",\"@id\":\"https:\\\/\\\/www.mediterraneagira.com\\\/ca\\\/ex\\\/malditas-plumas\\\/#breadcrumb\",\"itemListElement\":[{\"@type\":\"ListItem\",\"position\":1,\"name\":\"Inicio\",\"item\":\"https:\\\/\\\/www.mediterraneagira.com\\\/es\\\/\"},{\"@type\":\"ListItem\",\"position\":2,\"name\":\"Espectacles\",\"item\":\"https:\\\/\\\/www.mediterraneagira.com\\\/es\\\/ex\\\/\"},{\"@type\":\"ListItem\",\"position\":3,\"name\":\"MALDITAS PLUMAS\"}]},{\"@type\":\"WebSite\",\"@id\":\"https:\\\/\\\/www.mediterraneagira.com\\\/es\\\/#website\",\"url\":\"https:\\\/\\\/www.mediterraneagira.com\\\/es\\\/\",\"name\":\"Mediterranea Gira\",\"description\":\"Mediterrane Gira\",\"publisher\":{\"@id\":\"https:\\\/\\\/www.mediterraneagira.com\\\/es\\\/#organization\"},\"potentialAction\":[{\"@type\":\"SearchAction\",\"target\":{\"@type\":\"EntryPoint\",\"urlTemplate\":\"https:\\\/\\\/www.mediterraneagira.com\\\/es\\\/?s={search_term_string}\"},\"query-input\":{\"@type\":\"PropertyValueSpecification\",\"valueRequired\":true,\"valueName\":\"search_term_string\"}}],\"inLanguage\":\"es\"},{\"@type\":\"Organization\",\"@id\":\"https:\\\/\\\/www.mediterraneagira.com\\\/es\\\/#organization\",\"name\":\"Mediterranea Gira\",\"url\":\"https:\\\/\\\/www.mediterraneagira.com\\\/es\\\/\",\"logo\":{\"@type\":\"ImageObject\",\"inLanguage\":\"es\",\"@id\":\"https:\\\/\\\/www.mediterraneagira.com\\\/es\\\/#\\\/schema\\\/logo\\\/image\\\/\",\"url\":\"https:\\\/\\\/www.mediterraneagira.com\\\/wp-content\\\/uploads\\\/2022\\\/09\\\/cropped-logo-mediterranea.png\",\"contentUrl\":\"https:\\\/\\\/www.mediterraneagira.com\\\/wp-content\\\/uploads\\\/2022\\\/09\\\/cropped-logo-mediterranea.png\",\"width\":2133,\"height\":250,\"caption\":\"Mediterranea Gira\"},\"image\":{\"@id\":\"https:\\\/\\\/www.mediterraneagira.com\\\/es\\\/#\\\/schema\\\/logo\\\/image\\\/\"}}]}<\/script>\n<!-- \/ Yoast SEO plugin. -->","yoast_head_json":{"title":"MALDITAS PLUMAS - Mediterranea Gira","robots":{"index":"index","follow":"follow","max-snippet":"max-snippet:-1","max-image-preview":"max-image-preview:large","max-video-preview":"max-video-preview:-1"},"canonical":"https:\/\/www.mediterraneagira.com\/es\/ex\/malditas-plumas\/","og_locale":"es_ES","og_type":"article","og_title":"MALDITAS PLUMAS - Mediterranea Gira","og_url":"\/ca\/ex\/malditas-plumas\/","og_site_name":"Mediterranea Gira","article_modified_time":"2025-10-20T13:40:04+00:00","twitter_card":"summary_large_image","schema":{"@context":"https:\/\/schema.org","@graph":[{"@type":"WebPage","@id":"\/ca\/ex\/malditas-plumas\/","url":"\/ca\/ex\/malditas-plumas\/","name":"MALDITAS PLUMAS - Mediterranea Gira","isPartOf":{"@id":"https:\/\/www.mediterraneagira.com\/es\/#website"},"datePublished":"2025-10-20T13:33:07+00:00","dateModified":"2025-10-20T13:40:04+00:00","breadcrumb":{"@id":"\/ca\/ex\/malditas-plumas\/#breadcrumb"},"inLanguage":"es","potentialAction":[{"@type":"ReadAction","target":["\/ca\/ex\/malditas-plumas\/"]}]},{"@type":"BreadcrumbList","@id":"\/ca\/ex\/malditas-plumas\/#breadcrumb","itemListElement":[{"@type":"ListItem","position":1,"name":"Inicio","item":"https:\/\/www.mediterraneagira.com\/es\/"},{"@type":"ListItem","position":2,"name":"Espectacles","item":"https:\/\/www.mediterraneagira.com\/es\/ex\/"},{"@type":"ListItem","position":3,"name":"MALDITAS PLUMAS"}]},{"@type":"WebSite","@id":"https:\/\/www.mediterraneagira.com\/es\/#website","url":"https:\/\/www.mediterraneagira.com\/es\/","name":"Mediterranea Gira","description":"Mediterrane Gira","publisher":{"@id":"https:\/\/www.mediterraneagira.com\/es\/#organization"},"potentialAction":[{"@type":"SearchAction","target":{"@type":"EntryPoint","urlTemplate":"https:\/\/www.mediterraneagira.com\/es\/?s={search_term_string}"},"query-input":{"@type":"PropertyValueSpecification","valueRequired":true,"valueName":"search_term_string"}}],"inLanguage":"es"},{"@type":"Organization","@id":"https:\/\/www.mediterraneagira.com\/es\/#organization","name":"Mediterranea Gira","url":"https:\/\/www.mediterraneagira.com\/es\/","logo":{"@type":"ImageObject","inLanguage":"es","@id":"https:\/\/www.mediterraneagira.com\/es\/#\/schema\/logo\/image\/","url":"https:\/\/www.mediterraneagira.com\/wp-content\/uploads\/2022\/09\/cropped-logo-mediterranea.png","contentUrl":"https:\/\/www.mediterraneagira.com\/wp-content\/uploads\/2022\/09\/cropped-logo-mediterranea.png","width":2133,"height":250,"caption":"Mediterranea Gira"},"image":{"@id":"https:\/\/www.mediterraneagira.com\/es\/#\/schema\/logo\/image\/"}}]}},"translations":[{"id":6106,"locale":"ca"},{"id":6107,"locale":"es"}],"_links":{"self":[{"href":"https:\/\/www.mediterraneagira.com\/es\/wp-json\/wp\/v2\/ex\/6106","targetHints":{"allow":["GET"]}}],"collection":[{"href":"https:\/\/www.mediterraneagira.com\/es\/wp-json\/wp\/v2\/ex"}],"about":[{"href":"https:\/\/www.mediterraneagira.com\/es\/wp-json\/wp\/v2\/types\/ex"}],"author":[{"embeddable":true,"href":"https:\/\/www.mediterraneagira.com\/es\/wp-json\/wp\/v2\/users\/1"}],"replies":[{"embeddable":true,"href":"https:\/\/www.mediterraneagira.com\/es\/wp-json\/wp\/v2\/comments?post=6106"}],"wp:attachment":[{"href":"https:\/\/www.mediterraneagira.com\/es\/wp-json\/wp\/v2\/media?parent=6106"}],"wp:term":[{"taxonomy":"category","embeddable":true,"href":"https:\/\/www.mediterraneagira.com\/es\/wp-json\/wp\/v2\/categories?post=6106"}],"curies":[{"name":"wp","href":"https:\/\/api.w.org\/{rel}","templated":true}]}}

A Malditas plumas fem un recorregut pels diferents episodis de la vida d’un personatge, interpretat per Sol Picó, en un viatge que transita entre la tendresa i la decadència. En aquest relat, el públic coneix la història d’aquesta vedet del Paral·lel i comparteix els seus records, les seves experiències, les seves vivències... Però, i si potser mai va arribar a ser-ho i això són només els seus somnis, les seves projeccions vitals, els seus desitjos no acomplerts? Potser és tot plegat un gran deliri, que, tot i que ens transporta a un lloc i a una època molt concrets, ens connecta també amb el sentiment més humà i, per tant, més universal: la por a la mort, a la degradació, a la pèrdua... a desaparèixer.<br /><br />Tot inspirant-se en el gènere de la revista espanyola i en la seva picaresca, aquest espectacle juga amb la transformació, la interacció amb el públic i la confusió entre ficció i realitat, sempre amb la ironia i el sentit de l’humor que caracteritzen el llenguatge de Sol Picó.<br />

Espectacle en català i castellà

Un solo de dansa, on el moviment i la paraula s'entrellacen per crear un relat íntim, commovedor a la par que irònic, que no deixa indiferent ningú.

<p><strong>Autoria, direcció i interpretació:</strong> Sol Picó<br /><br /><strong>Assistència a la direcció:</strong> Carme Portaceli<br /><br /><strong>Direcció i composició musical:</strong> Aurora Bauzà i Pere Jou (Telemann Rec.)<br /><strong><br />Interpretació musical:</strong> Pere Jou/Roger Julià<br /><strong><br />Edició de so: </strong>Roger Julià<br /><strong><br />Coach en moviment: </strong>Viviana Escalé<br /><strong><br />Textos:</strong> Cristina Morales, Francisco Casavella i Heinrich Böll<br /><strong><br />Adaptació dramatúrgica:</strong> Cristina Morales<br /><strong><br />Acompanyament: </strong>Iniciativa Sexual Femenina<br /><strong><br />Escenografia: </strong>Joan Manrique<br /><strong><br />Escultura d’escena: </strong>Nico Nubiola<br /><br /><strong>Assessorament titella:</strong> Andreu Martínez Costa, Alfred Casas<br /><strong><br />Vestuari:</strong> Joan Miquel Reig<br /><strong><br />Disseny d’ il·luminació:</strong> Sylvia Kuchinow<br /><strong><br />So:</strong> Stéphane Carteaux<br /><strong><br />Construcció artefacte de màgia:</strong> Jordi Pau, Gastón la Torre<br /><strong><br />Producció:</strong> Pía Mazuela, Núria Aguiló Sol<br /><strong><br />Assistent de producció:</strong> Elena Espejo<br /><strong><br />Fotografia:</strong> Erin Bassa, Joan Carles Fotografia, May Zircus<br /><strong><br />Col·laboració especial:</strong> Mag Lari<br /><strong><br />Distribució:</strong> Anita Lüscher <a href="mailto:aluscher@mediterraneagira.com">aluscher@mediterraneagira.com</a> <br /></p>

Malditas plumas, un espectacle de dansa de Sol Picó.

[{"localizer":"V3CARTELL","url":"media/ver/cartell/v3/3170E/01_085_00059375/MEDITERRANEA_CARTELLS_(3).png","thumb_url":"media/ver/cartell/v3/3170E/01_085_00059375/MEDITERRANEA_CARTELLS_(3)_thumb.jpg","title":"Malditas Plumas - Mediterránea","description":"malditas plumas mediterranea","copyright":"","order":1},{"localizer":"V3SLIDE","url":"media/ftgalslide/v3/3170E/01_086_00059376/20.png","thumb_url":"media/ftgalslide/v3/3170E/01_086_00059376/20_thumb.jpg","title":"Malditas Plumas - Mediterránea","description":"malditas plumas mediterranea","copyright":"","order":2},{"localizer":"V3SLIDE","url":"media/ftgalslide/v3/3170E/01_086_00059377/19.png","thumb_url":"media/ftgalslide/v3/3170E/01_086_00059377/19_thumb.jpg","title":"Malditas Plumas - Mediterránea","description":"malditas plumas mediterranea","copyright":"https://youtu.be/QF_x0xdp11g?si=WkTG1MO1RHCQA83p","order":3},{"localizer":"V3SLIDE","url":"media/ftgalslide/v3/3170E/01_086_00059378/MEDITERRANEA_FOTO_HORITZONTAL_(5).png","thumb_url":"media/ftgalslide/v3/3170E/01_086_00059378/MEDITERRANEA_FOTO_HORITZONTAL_(5)_thumb.jpg","title":"Malditas Plumas - Mediterránea","description":"malditas plumas mediterranea","copyright":"","order":4}]
