{"id":5895,"date":"2024-03-27T16:39:29","date_gmt":"2024-03-27T14:39:29","guid":{"rendered":"https:\/\/www.mediterraneagira.com\/ex\/raphaelle\/"},"modified":"2025-05-06T15:38:58","modified_gmt":"2025-05-06T13:38:58","slug":"raphaelle","status":"publish","type":"ex","link":"\/ca\/ex\/raphaelle\/","title":{"rendered":"Raphaelle"},"content":{"rendered":"","protected":false},"excerpt":{"rendered":"","protected":false},"author":1,"featured_media":0,"comment_status":"closed","ping_status":"closed","template":"","categories":[],"class_list":["post-5895","ex","type-ex","status-publish","hentry"],"acf":{"txt_synopsis":"Rapha\u00eblle P\u00e9rez \u00e9s una jove nascuda a Perpiny\u00e0. El seu recorregut est\u00e0 marcat pel fet que va n\u00e9ixer com a noi, amb un cos i una identitat aparentment masculines. El seu nom era Rapha\u00ebl. El proc\u00e9s de transici\u00f3 de g\u00e8nere va comen\u00e7ar a Barcelona, fa uns anys. Ara viu en aquesta ciutat, on est\u00e0 assumint, dia a dia, la seva vida com a dona.\r\n\r\nRAPHA\u00cbLLE \u00e9s un muntatge en qu\u00e8 la mirada es constitueix com a element central. Les mirades que creuem amb els nostres semblants comporten gaireb\u00e9 sempre un judici. Fins i tot podr\u00edem dir un judici involuntari. En un breu contacte de d\u00e8cimes de segon ho podem dir gaireb\u00e9 tot. L\u2019experi\u00e8ncia de Rapha\u00eblle est\u00e0 fortament vinculada a la mirada. A la mirada que provoca. A la mirada que et q\u00fcestiona.\r\nA la mirada que et jutja.\r\n\r\nQue rara ets. Que estrany vesteixes. Qui et penses que ets? Per qu\u00e8 ets tan\u2026 diferent?\r\n\r\n&nbsp;","main_buy_link":"","main_buy_links":"","show_language":"","show_duration":"80","txt_genre":"COM\u00c8DIA","show_start_date":"00010101000000","show_end_date":"00010101000000","show_sort_date":"00010101000000","txt_custom_show_dates":"l'","txt_additional_info":"","txt_present":"","txt_season":"[\"2022\/23\"]","txt_cycle":"","txt_claim":"La Conquesta del Pol Sud parla de lluita i conquestes socials a trav\u00e9s de l'experi\u00e8ncia d'una noia trans. Rapha\u00eblle tanca la Trilogia Dona, Hist\u00f2ria i Identitat de la companyia.","txt_cast_excerpt":"","txt_cast":"Creaci\u00f3 i interpretaci\u00f3 <strong>Rapha\u00eblle P\u00e9rez, Carles Fern\u00e1ndez Giua, Eugenio Szwarcer<\/strong>\r\nDirecci\u00f3 <strong>Carles Fern\u00e1ndez Giua\r\n<\/strong>Disseny escenografia i v\u00eddeo <strong>Eugenio Szwarcer<\/strong>\r\nDisseny llums i ombres <strong>Luis Mart\u00ed\r\n<\/strong>Disseny so: <strong>Damien Bazin\r\n<\/strong>","txt_reviews":"","hashtag":"Rapha\u00eblleRBLS","have_promo":"","slogan":"","id_exhibicio":2130,"id_versio":1482,"id_local":74,"txt_seo_desc":"Rapha\u00eblle \u00e9s el relat intens i vital d\u2019una jove dona transsexual, la Rapha\u00eblle P\u00e9rez protagonitzat per ella mateixa que es presentar\u00e0 al Festival RBLS a La Villarroel de Barcelona.","data_images":"[{\"localizer\":\"V3SLIDE\",\"url\":\"media\/ftgalslide\/v3\/3157E\/01_086_00051890\/LCPS_Raphaelle_foto_AlfredMauve_18.JPG\",\"thumb_url\":\"media\/ftgalslide\/v3\/3157E\/01_086_00051890\/LCPS_Raphaelle_foto_AlfredMauve_18_thumb.jpg\",\"title\":\"Rapha\u00eblle - La Villarroel\",\"description\":\"raphaelle al teatre la villarroel de barcelona\",\"copyright\":\"\",\"order\":3},{\"localizer\":\"V3SLIDE\",\"url\":\"media\/ftgalslide\/v3\/3157E\/01_086_00051891\/_Alfred_Mauve_Raphaelle07.JPG\",\"thumb_url\":\"media\/ftgalslide\/v3\/3157E\/01_086_00051891\/_Alfred_Mauve_Raphaelle07_thumb.jpg\",\"title\":\"Rapha\u00eblle - La Villarroel\",\"description\":\"raphaelle al teatre la villarroel de barcelona\",\"copyright\":\"\",\"order\":4},{\"localizer\":\"V3PORTADA\",\"url\":\"media\/ver\/port\/v3\/3157E\/01_084_00051896\/1-raphaelle-V2-la-villarroel-teatre.jpg\",\"thumb_url\":\"media\/ver\/port\/v3\/3157E\/01_084_00051896\/1-raphaelle-V2-la-villarroel-teatre_thumb.jpg\",\"title\":\"Rapha\u00eblle - La Villarroel\",\"description\":\"rapha\u00eblle a la villlarroel de barcelona\",\"copyright\":\"\",\"order\":5},{\"localizer\":\"V3CARTELL\",\"url\":\"media\/ver\/cartell\/v3\/316A3\/01_085_00057587\/Poster_Raphaelle_300dpi_1.jpg\",\"thumb_url\":\"media\/ver\/cartell\/v3\/316A3\/01_085_00057587\/Poster_Raphaelle_300dpi_1_thumb.jpg\",\"title\":\"Raphaelle - Mediterranea\",\"description\":\"raphaelle mediterranea\",\"copyright\":\"\",\"order\":7}]","material__texto_intro":"","data_material":null,"data_gallery":"","data_discounts":"[]","contract_is_open":true,"in_tour":false,"foreign_production":true,"tour_end_date":"00010101000000","data_documents":""},"yoast_head":"<!-- This site is optimized with the Yoast SEO plugin v27.5 - https:\/\/yoast.com\/product\/yoast-seo-wordpress\/ -->\n<title>Raphaelle - Mediterranea Gira<\/title>\n<meta name=\"robots\" content=\"index, follow, max-snippet:-1, max-image-preview:large, max-video-preview:-1\" \/>\n<link rel=\"canonical\" href=\"https:\/\/www.mediterraneagira.com\/es\/ex\/raphaelle\/\" \/>\n<meta property=\"og:locale\" content=\"es_ES\" \/>\n<meta property=\"og:type\" content=\"article\" \/>\n<meta property=\"og:title\" content=\"Raphaelle - Mediterranea Gira\" \/>\n<meta property=\"og:url\" content=\"\/ca\/ex\/raphaelle\/\" \/>\n<meta property=\"og:site_name\" content=\"Mediterranea Gira\" \/>\n<meta property=\"article:modified_time\" content=\"2025-05-06T13:38:58+00:00\" \/>\n<meta name=\"twitter:card\" content=\"summary_large_image\" \/>\n<script type=\"application\/ld+json\" class=\"yoast-schema-graph\">{\"@context\":\"https:\\\/\\\/schema.org\",\"@graph\":[{\"@type\":\"WebPage\",\"@id\":\"https:\\\/\\\/www.mediterraneagira.com\\\/ca\\\/ex\\\/raphaelle\\\/\",\"url\":\"https:\\\/\\\/www.mediterraneagira.com\\\/ca\\\/ex\\\/raphaelle\\\/\",\"name\":\"Raphaelle - Mediterranea Gira\",\"isPartOf\":{\"@id\":\"https:\\\/\\\/www.mediterraneagira.com\\\/es\\\/#website\"},\"datePublished\":\"2024-03-27T14:39:29+00:00\",\"dateModified\":\"2025-05-06T13:38:58+00:00\",\"breadcrumb\":{\"@id\":\"https:\\\/\\\/www.mediterraneagira.com\\\/ca\\\/ex\\\/raphaelle\\\/#breadcrumb\"},\"inLanguage\":\"es\",\"potentialAction\":[{\"@type\":\"ReadAction\",\"target\":[\"https:\\\/\\\/www.mediterraneagira.com\\\/ca\\\/ex\\\/raphaelle\\\/\"]}]},{\"@type\":\"BreadcrumbList\",\"@id\":\"https:\\\/\\\/www.mediterraneagira.com\\\/ca\\\/ex\\\/raphaelle\\\/#breadcrumb\",\"itemListElement\":[{\"@type\":\"ListItem\",\"position\":1,\"name\":\"Inicio\",\"item\":\"https:\\\/\\\/www.mediterraneagira.com\\\/es\\\/\"},{\"@type\":\"ListItem\",\"position\":2,\"name\":\"Espectacles\",\"item\":\"https:\\\/\\\/www.mediterraneagira.com\\\/es\\\/ex\\\/\"},{\"@type\":\"ListItem\",\"position\":3,\"name\":\"Raphaelle\"}]},{\"@type\":\"WebSite\",\"@id\":\"https:\\\/\\\/www.mediterraneagira.com\\\/es\\\/#website\",\"url\":\"https:\\\/\\\/www.mediterraneagira.com\\\/es\\\/\",\"name\":\"Mediterranea Gira\",\"description\":\"Mediterrane Gira\",\"publisher\":{\"@id\":\"https:\\\/\\\/www.mediterraneagira.com\\\/es\\\/#organization\"},\"potentialAction\":[{\"@type\":\"SearchAction\",\"target\":{\"@type\":\"EntryPoint\",\"urlTemplate\":\"https:\\\/\\\/www.mediterraneagira.com\\\/es\\\/?s={search_term_string}\"},\"query-input\":{\"@type\":\"PropertyValueSpecification\",\"valueRequired\":true,\"valueName\":\"search_term_string\"}}],\"inLanguage\":\"es\"},{\"@type\":\"Organization\",\"@id\":\"https:\\\/\\\/www.mediterraneagira.com\\\/es\\\/#organization\",\"name\":\"Mediterranea Gira\",\"url\":\"https:\\\/\\\/www.mediterraneagira.com\\\/es\\\/\",\"logo\":{\"@type\":\"ImageObject\",\"inLanguage\":\"es\",\"@id\":\"https:\\\/\\\/www.mediterraneagira.com\\\/es\\\/#\\\/schema\\\/logo\\\/image\\\/\",\"url\":\"https:\\\/\\\/www.mediterraneagira.com\\\/wp-content\\\/uploads\\\/2022\\\/09\\\/cropped-logo-mediterranea.png\",\"contentUrl\":\"https:\\\/\\\/www.mediterraneagira.com\\\/wp-content\\\/uploads\\\/2022\\\/09\\\/cropped-logo-mediterranea.png\",\"width\":2133,\"height\":250,\"caption\":\"Mediterranea Gira\"},\"image\":{\"@id\":\"https:\\\/\\\/www.mediterraneagira.com\\\/es\\\/#\\\/schema\\\/logo\\\/image\\\/\"}}]}<\/script>\n<!-- \/ Yoast SEO plugin. -->","yoast_head_json":{"title":"Raphaelle - Mediterranea Gira","robots":{"index":"index","follow":"follow","max-snippet":"max-snippet:-1","max-image-preview":"max-image-preview:large","max-video-preview":"max-video-preview:-1"},"canonical":"https:\/\/www.mediterraneagira.com\/es\/ex\/raphaelle\/","og_locale":"es_ES","og_type":"article","og_title":"Raphaelle - Mediterranea Gira","og_url":"\/ca\/ex\/raphaelle\/","og_site_name":"Mediterranea Gira","article_modified_time":"2025-05-06T13:38:58+00:00","twitter_card":"summary_large_image","schema":{"@context":"https:\/\/schema.org","@graph":[{"@type":"WebPage","@id":"\/ca\/ex\/raphaelle\/","url":"\/ca\/ex\/raphaelle\/","name":"Raphaelle - Mediterranea Gira","isPartOf":{"@id":"https:\/\/www.mediterraneagira.com\/es\/#website"},"datePublished":"2024-03-27T14:39:29+00:00","dateModified":"2025-05-06T13:38:58+00:00","breadcrumb":{"@id":"\/ca\/ex\/raphaelle\/#breadcrumb"},"inLanguage":"es","potentialAction":[{"@type":"ReadAction","target":["\/ca\/ex\/raphaelle\/"]}]},{"@type":"BreadcrumbList","@id":"\/ca\/ex\/raphaelle\/#breadcrumb","itemListElement":[{"@type":"ListItem","position":1,"name":"Inicio","item":"https:\/\/www.mediterraneagira.com\/es\/"},{"@type":"ListItem","position":2,"name":"Espectacles","item":"https:\/\/www.mediterraneagira.com\/es\/ex\/"},{"@type":"ListItem","position":3,"name":"Raphaelle"}]},{"@type":"WebSite","@id":"https:\/\/www.mediterraneagira.com\/es\/#website","url":"https:\/\/www.mediterraneagira.com\/es\/","name":"Mediterranea Gira","description":"Mediterrane Gira","publisher":{"@id":"https:\/\/www.mediterraneagira.com\/es\/#organization"},"potentialAction":[{"@type":"SearchAction","target":{"@type":"EntryPoint","urlTemplate":"https:\/\/www.mediterraneagira.com\/es\/?s={search_term_string}"},"query-input":{"@type":"PropertyValueSpecification","valueRequired":true,"valueName":"search_term_string"}}],"inLanguage":"es"},{"@type":"Organization","@id":"https:\/\/www.mediterraneagira.com\/es\/#organization","name":"Mediterranea Gira","url":"https:\/\/www.mediterraneagira.com\/es\/","logo":{"@type":"ImageObject","inLanguage":"es","@id":"https:\/\/www.mediterraneagira.com\/es\/#\/schema\/logo\/image\/","url":"https:\/\/www.mediterraneagira.com\/wp-content\/uploads\/2022\/09\/cropped-logo-mediterranea.png","contentUrl":"https:\/\/www.mediterraneagira.com\/wp-content\/uploads\/2022\/09\/cropped-logo-mediterranea.png","width":2133,"height":250,"caption":"Mediterranea Gira"},"image":{"@id":"https:\/\/www.mediterraneagira.com\/es\/#\/schema\/logo\/image\/"}}]}},"translations":[{"id":5895,"locale":"ca"},{"id":5896,"locale":"es"}],"_links":{"self":[{"href":"https:\/\/www.mediterraneagira.com\/es\/wp-json\/wp\/v2\/ex\/5895","targetHints":{"allow":["GET"]}}],"collection":[{"href":"https:\/\/www.mediterraneagira.com\/es\/wp-json\/wp\/v2\/ex"}],"about":[{"href":"https:\/\/www.mediterraneagira.com\/es\/wp-json\/wp\/v2\/types\/ex"}],"author":[{"embeddable":true,"href":"https:\/\/www.mediterraneagira.com\/es\/wp-json\/wp\/v2\/users\/1"}],"replies":[{"embeddable":true,"href":"https:\/\/www.mediterraneagira.com\/es\/wp-json\/wp\/v2\/comments?post=5895"}],"wp:attachment":[{"href":"https:\/\/www.mediterraneagira.com\/es\/wp-json\/wp\/v2\/media?parent=5895"}],"wp:term":[{"taxonomy":"category","embeddable":true,"href":"https:\/\/www.mediterraneagira.com\/es\/wp-json\/wp\/v2\/categories?post=5895"}],"curies":[{"name":"wp","href":"https:\/\/api.w.org\/{rel}","templated":true}]}}

Raphaëlle Pérez és una jove nascuda a Perpinyà. El seu recorregut està marcat pel fet que va néixer com a noi, amb un cos i una identitat aparentment masculines. El seu nom era Raphaël. El procés de transició de gènere va començar a Barcelona, fa uns anys. Ara viu en aquesta ciutat, on està assumint, dia a dia, la seva vida com a dona.

RAPHAËLLE és un muntatge en què la mirada es constitueix com a element central. Les mirades que creuem amb els nostres semblants comporten gairebé sempre un judici. Fins i tot podríem dir un judici involuntari. En un breu contacte de dècimes de segon ho podem dir gairebé tot. L’experiència de Raphaëlle està fortament vinculada a la mirada. A la mirada que provoca. A la mirada que et qüestiona.
A la mirada que et jutja.

Que rara ets. Que estrany vesteixes. Qui et penses que ets? Per què ets tan… diferent?

&nbsp;

COMÈDIA

La Conquesta del Pol Sud parla de lluita i conquestes socials a través de l'experiència d'una noia trans. Raphaëlle tanca la Trilogia Dona, Història i Identitat de la companyia.

Creació i interpretació <strong>Raphaëlle Pérez, Carles Fernández Giua, Eugenio Szwarcer</strong>
Direcció <strong>Carles Fernández Giua
</strong>Disseny escenografia i vídeo <strong>Eugenio Szwarcer</strong>
Disseny llums i ombres <strong>Luis Martí
</strong>Disseny so: <strong>Damien Bazin
</strong>

RaphaëlleRBLS

Raphaëlle és el relat intens i vital d’una jove dona transsexual, la Raphaëlle Pérez protagonitzat per ella mateixa que es presentarà al Festival RBLS a La Villarroel de Barcelona.

[{"localizer":"V3SLIDE","url":"media/ftgalslide/v3/3157E/01_086_00051890/LCPS_Raphaelle_foto_AlfredMauve_18.JPG","thumb_url":"media/ftgalslide/v3/3157E/01_086_00051890/LCPS_Raphaelle_foto_AlfredMauve_18_thumb.jpg","title":"Raphaëlle - La Villarroel","description":"raphaelle al teatre la villarroel de barcelona","copyright":"","order":3},{"localizer":"V3SLIDE","url":"media/ftgalslide/v3/3157E/01_086_00051891/_Alfred_Mauve_Raphaelle07.JPG","thumb_url":"media/ftgalslide/v3/3157E/01_086_00051891/_Alfred_Mauve_Raphaelle07_thumb.jpg","title":"Raphaëlle - La Villarroel","description":"raphaelle al teatre la villarroel de barcelona","copyright":"","order":4},{"localizer":"V3PORTADA","url":"media/ver/port/v3/3157E/01_084_00051896/1-raphaelle-V2-la-villarroel-teatre.jpg","thumb_url":"media/ver/port/v3/3157E/01_084_00051896/1-raphaelle-V2-la-villarroel-teatre_thumb.jpg","title":"Raphaëlle - La Villarroel","description":"raphaëlle a la villlarroel de barcelona","copyright":"","order":5},{"localizer":"V3CARTELL","url":"media/ver/cartell/v3/316A3/01_085_00057587/Poster_Raphaelle_300dpi_1.jpg","thumb_url":"media/ver/cartell/v3/316A3/01_085_00057587/Poster_Raphaelle_300dpi_1_thumb.jpg","title":"Raphaelle - Mediterranea","description":"raphaelle mediterranea","copyright":"","order":7}]
